 3*z, -197*z + 96888 = 2*o - 198*z. What is the units digit of o?
0
Let z = -10861 + 20407. What is the tens digit of z?
4
Suppose 40*n - 42*n = -q + 14586, 0 = 2*q + 2*n - 29184. What is the ten thousands digit of q?
1
What is the hundreds digit of (1/(-15))/((-114)/(-684))*-83640?
4
What is the thousands digit of (6/15 + (-32)/30)/((-8)/305940)?
5
Let q be (6/4 + (-30)/20)/(-3). Suppose 5*g = 2*o + 7, 0 = 2*o + g - q*g - 11. Suppose -o*b + 392 = -r - 33, 209 = 2*b + 3*r. What is the hundreds digit of b?
1
Let g be 84/16 - 9/36. Suppose 4*n + 1660 = 4*j, j = g*j + 5*n - 1660. What is the tens digit of j?
1
Let f = -32 - -35. Suppose -f*a = 3*d + 11 + 67, -4*d + 52 = -2*a. Let q = 58 + a. What is the units digit of q?
2
Let j = -31041 + 32266. What is the tens digit of j?
2
Suppose -4*q + 3*o + 35 = 0, 2*q - 4*o = 43 - 13. Suppose -q*c + 1304 = 264. What is the units digit of c?
8
Let r = 11725 - 8264. What is the units digit of r?
1
Let u(j) be the second derivative of j**7/630 - j**6/360 - j**5/20 - 5*j**4/6 - 3*j. Let z(w) be the third derivative of u(w). What is the units digit of z(-3)?
6
Suppose 8*u - 2*u - 48 = 0. Suppose -u*y + 3360 = 4*y. What is the tens digit of y?
8
Let a(i) = i**3 + 9*i**2 - i - 9. Let s be a(-9). Suppose s = -r + 287 + 49. What is the units digit of r?
6
What is the hundreds digit of 9*((-170)/18 - -10)/(1/14698)?
4
Suppose -4*a = 137*n - 136*n - 25292, 4*n = 16. What is the thousands digit of a?
6
Suppose 4*b + 62426 = 5*t, 33*b = 30*b + 3. What is the tens digit of t?
8
Suppose -8 - 124 = -2*n. Suppose 74 = a - 4*c, a - 2*c - n = -6*c. What is the tens digit of a?
7
Let y be 6/(-10) - (1 + (-301)/35). Let c(k) be the second derivative of k**5/20 - 7*k**4/12 + k**3/3 + 2*k**2 + 3*k. What is the units digit of c(y)?
8
Suppose -3*c - 12 = -0*c. Let m(d) = 138 - 142 + d**3 + 5*d**2 + 7*d - 12*d. What is the units digit of m(c)?
2
Suppose 0 = -2*x + 2*u + 28414, 6*x - 9*x + 4*u = -42627. What is the hundreds digit of x?
2
Let m = 740 - 730. Suppose -m*q + 6974 + 2866 = 0. What is the units digit of q?
4
Let x be 60/36 - 7702/6. Let n = -915 - x. What is the units digit of n?
7
Let p(n) = 8*n + 24. Let r be p(-17). Let z = r - -197. What is the tens digit of z?
8
Suppose 121111 = 26*l - 48839 - 68704. What is the units digit of l?
9
Let b(s) = -1206*s - 3103. What is the hundreds digit of b(-5)?
9
Let l = -383 + 294. What is the tens digit of l*((-42)/7)/3?
7
Let v = 31098 - 11765. What is the ten thousands digit of v?
1
Let h(f) = -f**3 - 23*f**2 - 8*f - 470. What is the units digit of h(-29)?
8
Suppose 3*p = -41*p - 1980. What is the tens digit of (-29665)/p + 2*(-5)/45?
5
Let y be ((-3 - 233) + -1)/(4/4). Let j = 1222 + y. What is the tens digit of j?
8
Suppose 5*m - 270 = -l, 5*m - 5*l = 294 + 6. What is the units digit of 11/(m/20) + 126?
0
Let u be -4*26/(-4) - 4/(-2). Let d be u/(-154) + ((-6)/11)/(-3). Suppose d = 8*k - 715 - 69. What is the tens digit of k?
9
Suppose 143504 = -235*z + 2462484. What is the units digit of z?
8
Suppose -49*n = 24 + 25. What is the tens digit of 6/6 + 362 + (3 - n)?
6
Let u(z) be the third derivative of z**6/120 - z**5/12 + 7*z**4/24 - z**3/3 - 14*z**2. Let j be u(3). Let l = j - -10. What is the units digit of l?
1
Let v(w) = 89*w + 363. What is the units digit of v(40)?
3
Suppose -4*y + 4*j - 8 = 0, j + 4 = 3*y + 2. Let u be 3 - (y + 5/5). Suppose -b + 116 = -x + 26, 3*x - 12 = u. What is the units digit of b?
4
Suppose t + 6*g = -2*t + 95505, -159143 = -5*t - 2*g. What is the ten thousands digit of t?
3
Suppose 3*x - 3*m - 26217 = 0, -2*x + 68*m - 71*m = -17488. What is the thousands digit of x?
8
Suppose 0 = 3*l - b - 36074 - 431, -3*b + 6 = 0. What is the units digit of l?
9
Suppose -j - 2*h = -15, 3*j + h + 38 = 6*j. Suppose -18*g = -j*g + 175. Let i = g - -125. What is the units digit of i?
0
Let f be 10/45*54/3. Suppose -2*z = -f, g + 2*z = -2*g + 1153. What is the units digit of g?
3
Let r(o) = -342*o + 814. What is the hundreds digit of r(-16)?
2
Suppose -5*y + 30 = 0, 20010 = 3*j + 79*y - 78*y. What is the thousands digit of j?
6
Let t(m) = m**2 - 11*m + 44. Let w(x) = 8*x - 116. Let v be w(15). What is the units digit of t(v)?
6
Let s be ((-14)/(-4) - 0)/(38/56088). Suppose -96*r + 2062 = 2*m - 100*r, 0 = -5*m - r + s. What is the thousands digit of m?
1
Suppose -67*n + 65*n = 4*k - 1938, -2900 = -3*n - 5*k. What is the hundreds digit of n?
9
Let a(c) = c**2 + 19*c + 53. Let z be a(-16). Suppose -5*t - 3*p = -478, z*t + 3*p - 473 = 5*p. Let m = t + 14. What is the tens digit of m?
0
Let a be (36 - -2)/(1*(-2 - -1)). Let m = a + 40. Suppose 3*w + 0*w - 27 = -2*q, -m*q + 42 = -2*w. What is the tens digit of q?
1
Let g(k) = 4*k**3 + 11*k - 65. What is the tens digit of g(11)?
8
Suppose -4*l - 4 = 0, -11*i + 15*i - 116 = -4*l. Suppose i*a + 615 = 33*a. What is the units digit of a?
5
What is the tens digit of 8260 + 102/(-27) + 3 + (-116)/36?
5
Suppose -56 + 137 = 3*j. Suppose 4*x + 7 = j. Suppose 0 = -4*c - 3*s + 247, -x*c + 163 = 5*s - 147. What is the tens digit of c?
6
Let r be 2*((-3)/(-2))/(-21 + 22). Suppose 20 = 2*b - s, 59 = r*b + 2*b + 2*s. What is the tens digit of b?
1
Let d(i) = 4*i**2 - 155*i - 130. Let j be d(40). Let b(p) = -4*p**3 - p**2 + 4*p. Let s be b(-3). Suppose -j - s = -h. What is the units digit of h?
7
Let p(i) = -3*i**2 - 12*i - 41. Let n(c) = c**2 + 4*c + 14. Let s(m) = -8*n(m) - 3*p(m). What is the units digit of s(-18)?
3
Let o = 294 - -6954. What is the thousands digit of o?
7
Let d be (-70)/(-17) + (-4)/34. Suppose -d*c = -5*c + 37. Let z = c + 4. What is the units digit of z?
1
Suppose 0 = -3*r - o + 25, 4*r - 16 - 11 = 5*o. Let j(y) = 15*y - 16. Let i be j(r). Let w = -73 + i. What is the tens digit of w?
3
Let b = -80 + 85. Suppose c - 2*m + 6 = 2*m, 3*c - 16 = -b*m. Suppose 3*s + 115 = n, -c*n = -5*s + 9*s - 260. What is the tens digit of n?
2
Let h(k) = -87*k - 23. Suppose 18 = -3*o - 2*d + 5*d, -4*o - 4*d = 16. What is the hundreds digit of h(o)?
4
Suppose -5*u = -30, 96*k - 4*u - 31236 = 91*k. What is the tens digit of k?
5
Let v(u) = -1317*u + 265. Let g be v(-15). Suppose -5*p - 8*p = -g. What is the thousands digit of p?
1
Let r(p) = 4429*p - 1200. What is the units digit of r(5)?
5
Suppose -10*x + 27 = -x. Suppose 0 = -3*p - a - 2*a - 6, -3*p + 4 = -2*a. Suppose x*f + f - 280 = p. What is the units digit of f?
0
Suppose -3*m + 0*q + q + 25812 = 0, 2*m - 4*q = 17198. What is the units digit of m?
5
Suppose -5*x - 6283 = -5*k - 36228, -5998 = -x + 4*k. What is the units digit of x?
6
Let p(a) = -a**3 + 20*a**2 + 19*a + 52. Let o be p(21). Let l be (2/8 - 17/4) + o. What is the tens digit of 1/((-378)/(-376) + -7 + l)?
8
Let a be -95 + ((-7)/(-1))/(-7). Let h = 337 + a. What is the units digit of h?
1
Let b = 14314 - 9755. What is the thousands digit of b?
4
Suppose -g - 7*g = -17432. Let l = -1323 + g. What is the tens digit of -2 - 2 - l/(-8)?
0
Suppose -7*t + 30143 = -2*t - 3*r, 2*r = 8. What is the units digit of t?
1
Let p(x) = 3*x**2 + 5*x - 10. Let a be p(-5). Suppose -a = -0*r - 8*r. Suppose -r*j + 48 = -j. What is the tens digit of j?
1
Let p be (24/(-6)*3/(-2))/(-2). Let o be (-466)/(-8) - p*3/(-36). Suppose 0 = -y - 2*k + o, 5*y = 2*y - 4*k + 174. What is the tens digit of y?
5
Let a be ((-50)/(-250))/(1/15). Suppose 3*m = a*q - 1641, 5*q - 2735 = -3*m + 4*m. What is the tens digit of q?
4
Suppose -128 = q - 3*q. Let f be (q/2)/(-4) + 4. What is the tens digit of (-265)/(-7) + (f - (-29)/7)?
3
Suppose -23*s + 11*s = -264. Let z(r) = 6*r + 29. What is the units digit of z(s)?
1
Suppose 11*m + 4 = 10*m. Let g be 471/(-6)*(-6 - m). Suppose 3*y = w + 4*w + 91, -g = -5*y + 3*w. What is the units digit of y?
2
Suppose -14*o + 70 = -0. Suppose 4*r - 2*n = 37 - 13, 0 = -4*r - o*n - 4. Suppose -7*f + 165 = -r*f. What is the units digit of f?
5
Suppose -800*t = -804*t - 5*r + 295668, -73906 = -t - 4*r. What is the hundreds digit of t?
9
Let f be -5*(-4)/(-200) + 122/20. What is the units digit of f/(-9)*-1563 - (1 + -3)?
4
Suppose 5*l = -2*i - 418, 3*l - i - 23 + 265 = 0. Let v = l + 84. Suppose k = 2*u + 86, -v*k = 2*k - 2*u - 374. What is the tens digit of k?
9
Suppose 40*w - 34841 - 64338 + 11699 = 0. What is the tens dig